the greatest common divisor of h and q?
14
Let c(u) = u**2 + 1. Let a be c(-2). Let x(w) = w**2 + w. Let q be x(a). Suppose q = 7*i - 2*i. What is the highest common factor of i and 12?
6
Suppose -2*c = c + 3*z - 36, -5*z = -3*c + 4. Let t be (-4 + 1)/(2/6). Let y be 28/(t/6 - -2). What is the highest common divisor of y and c?
8
Let b(j) = -6*j + 73. Let c be b(9). Calculate the highest common divisor of 19 and c.
19
Let g be (-1)/(2/48) - 0. Let y = g + 4. Let x = 152 + y. Calculate the greatest common divisor of x and 12.
12
Let v = 0 - -3. Suppose w = v*w - 272. Calculate the highest common divisor of w and 17.
17
Let w(z) = z**3 + z**2. Let b be w(2). Suppose 0 = -2*a + 3*a + 5*p + 10, -b = 4*p. What is the greatest common divisor of 40 and a?
5
Suppose u - 5 + 3 = 0. Let r = 34 - 12. Calculate the highest common factor of r and u.
2
Let s be 1/(-2) - 6/(-12). Suppose s = -y + 4*y - 72. What is the greatest common divisor of 16 and y?
8
Suppose -5*a + 109 = 3*b, -3*b = a + a - 103. Calculate the greatest common divisor of b and 22.
11
Let f = -45 - -29. Let u = -11 - f. Suppose 2 + 1 = 3*o. Calculate the greatest common factor of u and o.
1
Let v = -7 + 17. What is the greatest common factor of v and 2?
2
Let u(s) = 70*s**2 - 1. Let r be u(-1). Let q = -30 + 53. What is the highest common factor of r and q?
23
Suppose -4*l - 4*k - 105 = -393, 2*l = 2*k + 160. Suppose -x = -3*w - 23, 0*x = 5*x - 2*w - l. What is the highest common divisor of 28 and x?
14
Let s(q) = -q**3 + 3*q**2 + 3*q. Let d be (-2)/(-4)*6*1. Let o be s(d). What is the greatest common divisor of 27 and o?
9
Let d(y) = 4*y + 17. Let a be d(4). Calculate the greatest common divisor of 132 and a.
33
Let i = 44 - 30. Let r(l) = 28*l. Let d be r(4). Calculate the highest common factor of i and d.
14
Let n = -106 - -162. What is the highest common divisor of n and 7?
7
Let b = 18 - -24. What is the greatest common divisor of b and 6?
6
Let j(l) = 2*l + 103. Let n be j(-26). Calculate the highest common factor of 34 and n.
17
Let d be 22/(-6) - 1/3. Let x be -1 + 3 + d + 106. What is the highest common divisor of 13 and x?
13
Let j(u) = u**2 + 2*u - 4. Let b be j(4). Calculate the highest common divisor of b and 140.
20
Let z(d) = 2*d**2 - 3*d + 11. Let x be z(9). Suppose -4 = r + r, 4*v - x = r. What is the highest common divisor of v and 9?
9
Let m be (-37)/4 - (-4)/16. Let b = 7 - m. Suppose 0 = -3*j + 2*j + 176. What is the greatest common factor of j and b?
16
Let i be -2 + -1 - -38*1. Let t be i/(-10)*(-1 - 1). Calculate the highest common divisor of t and 21.
7
Let r(l) = -4*l + 5. Let o be r(-6). What is the highest common divisor of o and 232?
29
Suppose 2*g = 3*g - 75. What is the greatest common factor of g and 30?
15
Let z = 12 - -6. What is the greatest common factor of 45 and z?
9
Suppose -2*g + 223 - 7 = 0. What is the greatest common factor of 12 and g?
12
Let y = 24 + -10. Suppose 4*z + 5*t = y, -6*z = -z - 4*t - 38. What is the highest common factor of 54 and z?
6
Suppose -1056 = -100*p + 92*p. Suppose 3*o = -u + 78, -5*o - 5*u = -39 - 81. Suppose 0 = 2*f + 3 - o. Calculate the greatest common factor of p and f.
12
Let k = 3 + -2. Suppose -3*z + 40 = 2*z. What is the greatest common divisor of k and z?
1
Let m = 11 + -9. Let f be 42/7 + m/1. Suppose 2*p = 6*p - 32. Calculate the greatest common factor of f and p.
8
Suppose 0 = -3*n - 9, -3*y = -2*n + n - 165. What is the highest common divisor of y and 6?
6
Let v(r) = -r**2 - 12*r - 11. Let y(w) = -w**2 - 13*w - 12. Let p(a) = 5*v(a) - 4*y(a). Let n be p(-6). Calculate the greatest common factor of n and 2.
1
Suppose -5*f = 5*w - 77 - 48, -4*f = -w + 40. Suppose -l - w = -3*l. What is the highest common divisor of l and 98?
14
Suppose -3*o + 2*i = -71, 0 = -0*i + i + 4. Calculate the greatest common factor of 168 and o.
21
Let y = 67 + -40. Calculate the highest common factor of 216 and y.
27
Let q = 69 - 21. What is the greatest common factor of 12 and q?
12
Suppose 18 - 2 = 2*y. Let a = 5 + -1. What is the highest common factor of y and a?
4
Suppose -3*l + 4*d - 13 + 133 = 0, 3*d + 211 = 5*l. Suppose -4*q - z + 20 = -2*q, -2*q + 5*z + l = 0. What is the greatest common divisor of q and 48?
12
Let d be 66 - (0 + 3 + -2). Suppose -g - f + 23 = 0, -4*g - g + 127 = f. Calculate the highest common divisor of g and d.
13
Suppose o = 5*p + 2*o - 16, -2*o - 4 = p. What is the greatest common divisor of p and 116?
4
Let s be 0 + (-3 - -2) - 9. Let a be 1 - 2 - (-3 + s). Let m(y) = 7*y**2 + 1. Let v be m(1). Calculate the greatest common divisor of a and v.
4
Let b = -13 + 20. Let q = 46 - -17. Calculate the greatest common factor of b and q.
7
Suppose -14*g + 13*g = -48. Suppose -3*c - 15 = 0, -5*i + c = g - 138. What is the highest common divisor of i and 17?
17
Suppose 0 = -5*v + 3*u + 170, -2*v - 2*u + 39 = -29. Calculate the greatest common divisor of 34 and v.
34
Suppose -14*k + 550 = -12*k. What is the greatest common factor of k and 25?
25
Let c = -74 - -113. Suppose j - 2 = 3*j. Let w = j + 14. What is the highest common divisor of c and w?
13
Let r(p) = -p**3 - 2*p**2 + 1. Let t be r(-2). Let m be t - 3/((-6)/(-146)). Let f be -1*5*m/15. Calculate the greatest common divisor of 16 and f.
8
Let s be (-3 - -1)/((-4)/26). What is the highest common divisor of s and 117?
13
Let b = -20 + 5. Let w = -11 - b. Let v = -16 - -28. What is the greatest common divisor of w and v?
4
Let b(l) = -5*l + 4. Let g be b(3). Let u = -10 - g. Let d = -2 - -3. What is the greatest common factor of d and u?
1
Let p be 74 + -2 + -1*(4 + -2). What is the greatest common factor of 14 and p?
14
Suppose 5*n = 3*l - 2*l + 15, -5*l = -3*n + 31. Suppose 0*x = -n*x + 130. Let v = 25 + -12. What is the highest common factor of v and x?
13
Let w be 0 + (1 + -5 - -17). What is the greatest common divisor of 26 and w?
13
Let m = -38 + 75. Let r = 240 + -92. What is the greatest common factor of m and r?
37
Let b = -13 + 24. What is the greatest common divisor of 33 and b?
11
Suppose -6*i + 11*i - 1050 = 0. Let p(x) = -x**2 - 8*x + 6. Let v be p(-5). What is the highest common factor of i and v?
21
Suppose 15 = -3*v + 6*v. Suppose -v*x + 2*z + 30 = 0, 4*z - 4 = 2*x - 0*z. Calculate the greatest common factor of 4 and x.
4
Let a = 2 - 4. Let r be a*3/6 - -26. Calculate the greatest common divisor of 275 and r.
25
Let l(k) = -90*k + 10. Let o(d) = 89*d - 9. Let a(y) = 4*l(y) + 5*o(y). Let q be a(2). What is the highest common factor of 15 and q?
15
Let b(x) = -8*x - 9. Suppose -14 - 18 = 4*f. Let p be b(f). Calculate the highest common factor of 22 and p.
11
Suppose -b + 16 = 5*j + 40, -j + 3*b + 8 = 0. Let g be 251/4 - 1/j. What is the highest common divisor of 7 and g?
7
Let k(f) = 8*f - 12. Let b be k(12). What is the greatest common divisor of b and 28?
28
Let l(i) = 5*i + 5. Let g(j) = -6*j - 6. Let d(b) = 4*g(b) + 5*l(b). Let c = -7 - -18. Let o be d(c). Calculate the greatest common divisor of 6 and o.
6
Suppose 3*l = l + 4. Suppose q - l = -q. Let s be 9*(-3 + q - -3). Calculate the highest common factor of 54 and s.
9
Let s be ((-46)/(-8))/(1/4). What is the greatest common factor of 115 and s?
23
Suppose 5*i - x = 138, 24 = i - 2*x - 0*x. Suppose -20 + 4 = -4*d. What is the highest common divisor of d and i?
4
Let n be 336/(3*-1)*3/(-2). What is the greatest common factor of 42 and n?
42
Suppose 3*k = -9*y + 5*y + 33, -5*k + 55 = -2*y. Suppose q = -2*q. Suppose -2*x + 198 = -q*x. Calculate the greatest common divisor of x and k.
11
Let b = -16 + 67. Suppose -3*x - x = 4*i + 24, x - 3 = 2*i. Let h be 34*x/(3 + -9). What is the highest common divisor of h and b?
17
Suppose -a = -0*a - 65. Let b = -50 + 76. What is the greatest common divisor of b and a?
13
Suppose -5*b = -5*v - 2*b + 38, -4*b = 4*v - 24. What is the greatest common divisor of v and 7?
7
Suppose -4*k + 2*d + 1072 = -36, -2*d = -3*k + 829. Calculate the greatest common divisor of k and 31.
31
Let a be ((-640)/(-6))/(-5)*-3. What is the highest common factor of a and 8?
8
Suppose 3*u + 141 = 2*g, 2*g = 6*g + 4*u - 292. Let n = 0 + 2. Let q be (12/n)/((-12)/(-16)). Calculate the greatest common divisor of g and q.
8
Let f(z) = z**3 + 7*z**2 - 8*z - 6. Let b be f(-8). Let